{"id":63,"date":"2017-12-18T17:13:24","date_gmt":"2017-12-18T15:13:24","guid":{"rendered":"http:\/\/survey.isis.tuwien.ac.at\/start_informatik\/?page_id=63"},"modified":"2018-11-22T13:21:11","modified_gmt":"2018-11-22T11:21:11","slug":"vergangene-events","status":"publish","type":"page","link":"https:\/\/projects.ifs.tuwien.ac.at\/start-informatik\/index.php\/events\/vergangene-events\/","title":{"rendered":"Vergangene Events"},"content":{"rendered":"<h1>Workshop und Fakult\u00e4tsvortrag &#8220;MOOCs in der Informatik&#8221;<\/h1>\n<p>Gemeinsam mit Dr. Johannes Krugel, wissenschaftlicher Mitarbeiter an der TU M\u00fcnchen und Mitglied des Entwicklerteams des MOOC &#8220;LOOPx (Lernen objekt-orientierter Programmierung&#8221;), und dem Projektteam, fand am 20. November 2017 ein Workshop zum Erfahrungsaustausch zum Thema &#8220;MOOCs in der Informatik&#8221; statt. Im Anschluss an den Workshop hielt Dr. Johannes Krugel einen Fakult\u00e4tsvortrag vor einem hochkar\u00e4tig besuchten Publikum der Fakult\u00e4t f\u00fcr Informatik der TU Wien zum Thema&#8221;MOOCs in der Informatik &#8211; Mehr als Vorlesungsvideos und Multiple Choice&#8221;. Deren didaktischer Schwerpunkt in LOOPx lag auf der Implementierung von Methoden des Aktiven Lernens, etwa durch Einbindung abwechslungsreicher webbasierter Tools f\u00fcr zum aktiven Experimentieren zum Erfahren von Zusammenh\u00e4ngen und der individuellen Konstruktion von Wissen und Kompetenzen. Weiterer Fokus bestand in der Entwicklung von Aufgaben mit h\u00f6herem Freiheitsgrad, etwa Peer-Grading, Diskussionen, Freitextantworten sowie Programmieraufgaben mit automatischer Analyse bzw. Bewertung. Der Vortrag schloss mit einer intensiven Diskussion zur Didaktik in Programmier-MOOCs sowie der \u00dcbertragbarkeit der Empfehlungen zur\u00fcck auf die Pr\u00e4senzlehre und m\u00f6glichen Ans\u00e4tzen der Kombination aus MOOC und Pr\u00e4senzlehre.<\/p>\n<h1><a href=\"http:\/\/survey.isis.tuwien.ac.at\/start_informatik\/index.php\/events\/vergangene-events\/int-best-practice-workshop-marz-2017\/\">Int. Best Practice Workshop<\/a><\/h1>\n<p>Im Rahmen unseres Projekts \u00a0veranstalteten wir von 13.-14.3.2017 einen 2-taegigen hochkaraetig besetzten Workshop zum Thema &#8220;Innovations in Informatics Education at Universities &#8211; International Best Practice Workshop&#8221;. TeilnehmerInnen am Workshop waren u.a. Maria Klawe (Praesidentin des Harvey Mudd College) Lenore Blum (Carnegie Mellon University) Linda Werner (University of California at Santa Cruz) Raymond Lister (University of Technology Sydney) Martin Ebner (TU Graz). Den zweiten Tag beendeten wir ab 17:00 mit einer \u00f6ffentlichen Podiumsdiskussion zum Thema &#8220;More female students in CS. Who cares?&#8221; abschliessen. <a href=\"http:\/\/survey.isis.tuwien.ac.at\/start_informatik\/index.php\/events\/vergangene-events\/int-best-practice-workshop-marz-2017\/\">weiter&#8230;<\/a><\/p>\n","protected":false},"excerpt":{"rendered":"<p>Workshop und Fakult\u00e4tsvortrag &#8220;MOOCs in der Informatik&#8221; Gemeinsam mit Dr. Johannes Krugel, wissenschaftlicher Mitarbeiter an der TU M\u00fcnchen und Mitglied des Entwicklerteams des MOOC &#8220;LOOPx (Lernen objekt-orientierter Programmierung&#8221;), und dem Projektteam, fand am 20. November 2017 ein Workshop zum Erfahrungsaustausch zum Thema &#8220;MOOCs in der Informatik&#8221; statt. Im Anschluss an den Workshop hielt Dr. Johannes &hellip; <\/p>\n<p class=\"link-more\"><a href=\"https:\/\/projects.ifs.tuwien.ac.at\/start-informatik\/index.php\/events\/vergangene-events\/\" class=\"more-link\">Continue reading<span class=\"screen-reader-text\"> &#8220;Vergangene Events&#8221;<\/span><\/a><\/p>\n","protected":false},"author":1,"featured_media":0,"parent":58,"menu_order":0,"comment_status":"closed","ping_status":"closed","template":"","meta":{"footnotes":""},"class_list":["post-63","page","type-page","status-publish","hentry"],"_links":{"self":[{"href":"https:\/\/projects.ifs.tuwien.ac.at\/start-informatik\/index.php\/wp-json\/wp\/v2\/pages\/63","targetHints":{"allow":["GET"]}}],"collection":[{"href":"https:\/\/projects.ifs.tuwien.ac.at\/start-informatik\/index.php\/wp-json\/wp\/v2\/pages"}],"about":[{"href":"https:\/\/projects.ifs.tuwien.ac.at\/start-informatik\/index.php\/wp-json\/wp\/v2\/types\/page"}],"author":[{"embeddable":true,"href":"https:\/\/projects.ifs.tuwien.ac.at\/start-informatik\/index.php\/wp-json\/wp\/v2\/users\/1"}],"replies":[{"embeddable":true,"href":"https:\/\/projects.ifs.tuwien.ac.at\/start-informatik\/index.php\/wp-json\/wp\/v2\/comments?post=63"}],"version-history":[{"count":6,"href":"https:\/\/projects.ifs.tuwien.ac.at\/start-informatik\/index.php\/wp-json\/wp\/v2\/pages\/63\/revisions"}],"predecessor-version":[{"id":163,"href":"https:\/\/projects.ifs.tuwien.ac.at\/start-informatik\/index.php\/wp-json\/wp\/v2\/pages\/63\/revisions\/163"}],"up":[{"embeddable":true,"href":"https:\/\/projects.ifs.tuwien.ac.at\/start-informatik\/index.php\/wp-json\/wp\/v2\/pages\/58"}],"wp:attachment":[{"href":"https:\/\/projects.ifs.tuwien.ac.at\/start-informatik\/index.php\/wp-json\/wp\/v2\/media?parent=63"}],"curies":[{"name":"wp","href":"https:\/\/api.w.org\/{rel}","templated":true}]}}